7554 = -23*g. Is g a composite number?
False
Let w = 8 + -1. Let j(c) = 24*c - 15. Let b(a) = a - 2. Let h(u) = -4*b(u) + j(u). Is h(w) composite?
True
Is (1258392/10)/(456/570) prime?
False
Let c be ((-16)/8)/(2 - 35582/17792). Let k be c + (-5 - 4/(-2)). Is k/(-30) + 2/(-12) a composite number?
False
Suppose 780 = -23*r - 3*r. Is (55/r)/(-1)*78 a prime number?
False
Is (0 - 144931)*((-184)/23 - -1) a prime number?
False
Let o be 40 + -4 + 3/(9/3). Let k = o - 32. Suppose 0 = k*g - 5*q - 345, -g + 4*g - 203 = q. Is g a prime number?
True
Is (-31705093)/(-49) + (-6)/(-21) prime?
False
Suppose 6*a + 171286 + 99845 = 9*a. Is a composite?
True
Let p(i) = -11*i**3 + 4*i**2 + 4*i - 2. Let d be p(2). Let x = 233 + d. Is x prime?
True
Let b(r) = r**3 - 2644*r + 51 + 2638*r - 9*r**2 + 44*r**2. Is b(-33) a composite number?
True
Let y = -111 + 114. Suppose 5045 = 2*f - y*h, -4*f + 2*h + 12607 = f. Is f composite?
False
Let y(t) = 6459*t**2 - 938*t + 21. Is y(-10) a prime number?
True
Suppose 0 = 14*y - 60 - 80. Is 6538 + 5/y*-2 a prime number?
False
Suppose -8 = -2*d, -5*a - 4*d - 18 = -6*d. Is 199944/180 - a/10 prime?
False
Suppose -1154*j + 1142*j + 31596 = 0. Is j a composite number?
False
Suppose 2164 = 4*i - 2*a, 35*i - a - 2705 = 30*i. Is i a composite number?
False
Suppose 2*m = 4*h + 163318, -4*m + 2*h = m - 408327. Is m/5 + 72/(-180) a composite number?
False
Is (-876)/(-2044) + (-3)/(21/(-1259479)) composite?
True
Let n(p) be the third derivative of p**4/24 + 8*p**3/3 + 29*p**2. Let u be n(-15). Is (2*u)/1 + 72275/25 composite?
True
Suppose -4*x = 2*d + 10, -x + 4*d + 4 - 2 = 0. Is 4460/120 - x/(-12) a prime number?
True
Suppose -154*n + 184*n - 20157810 = 0. Is n composite?
True
Suppose 2*q - 105*s = -109*s + 112, 0 = q + 3*s - 51. Is (9/(-21) - q/42) + 14253 a prime number?
True
Suppose -q - 3*t = 8, -5*t = -q + 4*q + 8. Suppose m - 669 = -4*z + 1006, 0 = q*z - 4. Is (m/(-12))/(3/(-12)) composite?
False
Let j(h) = -7*h + 32. Suppose -y - n + 5 = -0*y, -2*y + 5*n + 3 = 0. Let q be j(y). Suppose 2371 = 3*w + 2*z, q*z + z - 1599 = -2*w. Is w prime?
True
Let t(l) = -283*l**2 - 13*l + 15. Let g(s) = -283*s**2 - 12*s + 14. Let m(d) = -6*g(d) + 5*t(d). Let k be m(2). Let a = k - 340. Is a a prime number?
True
Let g be 6/(-8) + (-4)/16. Let x be (1 + 0 + g)/(-4). Suppose 2*h + 148 - 518 = x. Is h a prime number?
False
Suppose 20*b - 796638 + 307258 = 0. Is b a composite number?
False
Is (-3)/(-6) + (4/42 - (-302281641)/6426) a composite number?
False
Let g = -50 - -268. Let t = 41 + g. Is t a prime number?
False
Suppose -2*k = 146*z - 143*z - 706073, -353033 = -k - 2*z. Is k a composite number?
False
Let u = -247529 - -448858. Is u a composite number?
False
Suppose 6*v - 36486 = -6480. Let x = v - 2822. Is x a prime number?
True
Let j be 1 + 2 - (-10 - (-18 + 5)). Suppose j*n + 36047 = 11*n. Is n a prime number?
False
Let g(q) = -4*q + 4. Let v be g(2). Let j(u) = u**3 + 5*u**2 - 3*u - 2. Let k be j(v). Is -4*1 + 6630/k composite?
False
Let f be 2 - 64/(-3) - 5/15. Let z(k) = k**3 - 24*k**2 + 27*k - 20. Let p be z(f). Suppose 0 = n - 681 - p. Is n prime?
False
Let r(u) = 150*u + 119. Let c be r(18). Suppose 0*m = 4*j - 3*m - 11276, -c = -j + 2*m. Is j composite?
False
Let x(s) be the first derivative of 253*s**3 + 7*s**2 + 42*s - 92. Is x(-5) a composite number?
False
Let r = 1363 + -2042. Is -8 - -2 - r - -4 a prime number?
True
Let v = 3002136 - -613675. Is v a composite number?
False
Let v = 1409 + -5654. Let w = v - -6974. Is w composite?
False
Suppose -5*v - 4*z + 92397 = 0, -4*z + 36964 = 2*v - 5*z. Is v prime?
True
Let d(k) = -k + 8. Suppose 8*c = 10*c - 8. Let v be d(c). Is (16*-1)/v + 195 composite?
False
Suppose -5*m + 15 + 80 = 0. Let t(p) = p**3 + 20*p + 2. Is t(m) prime?
False
Suppose -5*d - 14*n - 40 = -12*n, 0 = -5*d - 3*n - 45. Is ((-159)/d)/((-6)/(-156)) a prime number?
False
Let i = -550 + 555. Suppose 2*u + 19891 = i*z - 0*z, 11946 = 3*z - 5*u. Is z a composite number?
True
Let p = -403 - -403. Suppose 39*w - 43*w + 43844 = p. Is w a prime number?
False
Let u(m) = -1 - 2 + 27 - 28*m + 11*m + 3*m**2. Let c be u(12). Let o = c + -15. Is o prime?
False
Let r be (-6)/2 + (-1)/3*-27. Suppose -q + r*q + 4*y - 23441 = 0, -4*y = 4. Suppose -8*x + q = -6199. Is x a prime number?
True
Let c(f) = 9*f - 8. Let v be c(3). Suppose 17*p - v*p = 16. Is (6 + p)*177/(-3) composite?
True
Let t(p) = -4081*p + 12030. Is t(-121) a prime number?
False
Let v = 789 + -463. Let q = -506 + 766. Let b = q + v. Is b composite?
True
Suppose 5*s = -6*s - 1477762. Is (s/(-65))/((-2)/(-20)*4) a prime number?
True
Let x(z) = 20*z**2 - 2*z + 2. Let y be x(4). Suppose 4*s = 3*p - 679, 139*s - 143*s - p = 675. Let w = y + s. Is w a composite number?
True
Let m(o) = 3264*o**2 - 2*o - 15. Is m(-5) composite?
True
Let w be -2 - (4592/(-2) + -1). Suppose -3*x + 4*j = 430, -3*x - 43 = -2*j + 385. Let k = w + x. Is k prime?
True
Suppose -s - l = 0, -4*s + l = -8*s - 15. Let f be (4 - -1)/s*4. Is f/(-18) - 286118/(-126) a composite number?
True
Suppose -106*f - 9 = -103*f, 0 = -5*v + 5*f + 193870. Is v prime?
False
Let m be 1 - 9/11 - 18315/(-1089). Suppose -m = -x + 1512. Is x composite?
True
Suppose -10 = -n - 2*x, 5*n - 34 = -5*x + 3*x. Suppose 1533 = n*m - 1521. Is m composite?
False
Let f(v) = 5753*v**3 - 6*v**2 - v. Let l be f(1). Suppose -l = 20*u - 163766. Is u a prime number?
True
Suppose 2*w - 2 = 0, -w + 14 = k - 17. Let a be -6*1*1/4*k. Is 10/a - 21935/(-9) composite?
False
Suppose -85*l = -87*l + 5*a + 1303434, -3*l = -4*a - 1955158. Is l prime?
False
Let g(b) = 633*b**2 - 9*b. Let u be g(7). Let n = -12605 + u. Is n prime?
False
Let b = -383 + 1174. Suppose 0 = 4*s + d - 160, -2*d = -5*s - 3*d + 200. Let f = b - s. Is f prime?
True
Let b(s) = -5*s + 23. Let x be b(3). Suppose -x*l - 321 = -2*f - 9*l, 3*f - 464 = -5*l. Is f a composite number?
False
Let k(n) = 35*n**2 - 22*n - 18. Suppose 4*c - 10 - 13 = 5*m, -2*c - 2*m = -16. Is k(c) a composite number?
False
Let r(z) = z**3 + 78*z**2 - 88*z - 2. Is r(-35) prime?
False
Let w = -8684 + 36528. Suppose -w = -4*m + 2*r, 3*r - 44405 = -5*m - 9622. Is m a composite number?
False
Is ((-19776300)/(-3000))/(1/10) a prime number?
True
Suppose -12*q - 251007 = -1012563. Is q prime?
True
Let b(k) = k + 23. Let l be b(-23). Suppose l = 3*r - 9263 - 14395. Is r a prime number?
False
Let k(i) = 19*i**3 + i**2 - 2*i + 2. Let x be k(1). Let h = x + 6. Is 1868/6*117/h prime?
False
Suppose 4*c - r = 140 + 25, 200 = 5*c + 5*r. Suppose c = 4*v - 123. Suppose -38*i + v*i - 771 = 0. Is i composite?
False
Let d = 17 - 56. Let s = d + 68. Suppose -26*a = -s*a + 393. Is a composite?
False
Let i = -229285 - -326832. Is i a composite number?
False
Let f be (43990/20)/(3/(-6) + 0). Let c = -2870 - f. Is c composite?
True
Suppose -3*k + 13 = 11*a - 12*a, 0 = 5*k - 25. Suppose 33073 = 3*y - 12*m + 16*m, -2*y - a*m = -22050. Is y prime?
True
Suppose -13*g + 24*g = -2805. Let z = -16 - g. Is z a composite number?
False
Let t(w) = 112*w - 668*w - 3 - 5 - 3. Let j be (-4)/(-8)*(-6)/1. Is t(j) a prime number?
True
Let i(z) = -z**2 + 6. Let r be i(0). Suppose -r*u - 15 = -11*u. Suppose -3*q - 2*o = -2926, 5*o + 2918 = u*q + 3*o. Is q composite?
True
Let m be (-8)/(-40) - (-2)/(-10). Suppose 21*f + 534 - 3201 = m. Is f prime?
True
Let q(f) = -2*f**3 - 12*f**2 + 47*f + 2. Let j(b) = 6*b**3 + 36*b**2 - 141*b - 7. Let m(a) = -6*j(a) - 17*q(a). Is m(-13) composite?
True
Is 121748032/1392 + 2*1/6 a composite number?
True
Suppose -2*b + 1451143 = -3*v, 13*v - 12*v - 1451163 = -2*b. Is b a prime number?
True
Let k = 3911 + -1226. Suppose -7*u + k = -16754. Is u prime?
True
Let o(f) = -7*f + 1067. Suppose -3*r + 0*x + x = 2, -2*x = -r - 4. Is o(r) a composite number?
True
Let h = 306521 - 170188. Is h a composite number?
False
Let m = 14871 + -6812. Is m prime?
True
Suppose 0 = -0*l + 2*l - 60. Suppose 16*b = 6*b - l. Is b*(962/(-3) + 1)/1 composite?
True
Suppose 48219 = -17*h + 15885. Let t = 3611 + h. Is t prime?
True
Suppose 765 = -3*n - 3*b, -4*b - 620 = 2*n - 110. Let s(q) = 107*q - 25. Let r be s(-9). Let p = n - r. Is p composite?
False
Suppose 14*v = -4*v + 526014. Suppose 15*t = v + 48792. Is t prime?
False
Let j(c) = 1263*c**3 + c**2 - 5*c